81 and 1405.
281
What is the greatest common divisor of 10 and 2325?
5
Calculate the greatest common divisor of 1128 and 423.
141
What is the greatest common factor of 261 and 116?
29
Calculate the greatest common divisor of 275 and 18425.
275
Calculate the greatest common divisor of 89 and 103507.
89
What is the greatest common factor of 12 and 5316?
12
Calculate the greatest common factor of 3 and 588.
3
What is the highest common divisor of 20 and 620?
20
Calculate the greatest common divisor of 657 and 9.
9
Calculate the greatest common divisor of 702 and 312.
78
What is the highest common factor of 14 and 167818?
14
Calculate the greatest common factor of 24 and 18.
6
Calculate the highest common divisor of 14093 and 17.
17
What is the highest common divisor of 1919 and 1159?
19
Calculate the highest common factor of 2575 and 25.
25
What is the highest common divisor of 4092 and 132?
132
What is the greatest common divisor of 415 and 3?
1
What is the highest common divisor of 1701 and 126?
63
Calculate the highest common factor of 160 and 3980.
20
Calculate the highest common divisor of 1802 and 34.
34
What is the greatest common divisor of 118 and 1711?
59
What is the highest common factor of 52 and 234?
26
Calculate the highest common factor of 4089 and 1833.
141
Calculate the highest common divisor of 18 and 1593.
9
What is the highest common divisor of 248 and 899?
31
What is the greatest common divisor of 936 and 104?
104
Calculate the highest common factor of 17676 and 72.
36
What is the highest common factor of 1078 and 22?
22
What is the greatest common factor of 144 and 32?
16
What is the greatest common divisor of 272 and 34?
34
What is the highest common divisor of 14 and 11018?
14
Calculate the highest common divisor of 434 and 124.
62
What is the greatest common divisor of 14067 and 27?
27
What is the greatest common factor of 18667 and 66?
11
Calculate the highest common divisor of 32385 and 51.
51
What is the greatest common divisor of 36 and 198?
18
What is the highest common divisor of 155 and 155?
155
Calculate the highest common factor of 4 and 463.
1
What is the greatest common divisor of 112 and 7336?
56
What is the greatest common divisor of 90 and 70?
10
Calculate the highest common factor of 1064 and 112.
56
What is the highest common factor of 148 and 333?
37
What is the greatest common divisor of 667 and 46?
23
What is the highest common divisor of 280 and 35?
35
What is the greatest common divisor of 184 and 621?
23
What is the greatest common divisor of 14 and 602?
14
Calculate the greatest common factor of 3312 and 144.
144
Calculate the highest common divisor of 100 and 500.
100
What is the highest common factor of 695 and 556?
139
Calculate the highest common divisor of 72 and 1512.
72
What is the greatest common divisor of 273 and 39?
39
What is the highest common factor of 19 and 19?
19
What is the highest common factor of 38 and 893?
19
What is the greatest common divisor of 2691 and 117?
117
Calculate the greatest common divisor of 5665 and 88.
11
Calculate the greatest common factor of 186 and 93.
93
What is the highest common divisor of 808 and 101?
101
Calculate the highest common factor of 4640 and 2880.
160
What is the highest common factor of 1958 and 275?
11
Calculate the highest common factor of 1032 and 276.
12
What is the highest common divisor of 486 and 1890?
54
Calculate the highest common divisor of 7 and 9044.
7
Calculate the greatest common divisor of 341 and 308.
11
Calculate the greatest common divisor of 3034 and 82.
82
What is the highest common factor of 56 and 80?
8
What is the highest common factor of 53 and 6784?
53
Calculate the greatest common divisor of 112 and 3472.
112
Calculate the greatest common factor of 546 and 3380.
26
What is the highest common divisor of 2599 and 565?
113
What is the greatest common factor of 45 and 240?
15
What is the greatest common divisor of 3071 and 259?
37
Calculate the greatest common factor of 1045 and 55.
55
What is the highest common divisor of 12 and 328?
4
What is the highest common factor of 32930 and 89?
89
What is the highest common divisor of 2516 and 296?
148
Calculate the highest common divisor of 126 and 280.
14
Calculate the highest common factor of 221 and 416.
13
Calculate the greatest common factor of 396 and 36.
36
What is the greatest common divisor of 30 and 705?
15
What is the highest common divisor of 86 and 4042?
86
Calculate the highest common factor of 22 and 88.
22
What is the highest common divisor of 261 and 58?
29
Calculate the highest common divisor of 1 and 79.
1
What is the greatest common divisor of 1848 and 11?
11
What is the greatest common divisor of 4582 and 58?
58
What is the highest common factor of 296 and 185?
37
What is the highest common divisor of 979 and 77?
11
What is the highest common factor of 5249 and 29?
29
What is the highest common divisor of 309 and 3296?
103
What is the highest common factor of 105 and 41685?
105
Calculate the highest common divisor of 70 and 2500.
10
Calculate the highest common divisor of 1173 and 153.
51
Calculate the highest common divisor of 519 and 54.
3
What is the greatest common divisor of 384 and 36?
12
What is the highest common factor of 13 and 49699?
13
What is the greatest common divisor of 882 and 8918?
98
What is the greatest common factor of 17734 and 2?
2
What is the greatest common divisor of 50 and 1420?
10
Calculate the highest common divisor of 10 and 120.
10
Calculate the highest common divisor of 893 and 76.
19
Calculate the highest common factor of 2751 and 21.
21
What is the greatest common divisor of 186 and 992?
62
Calculate the greatest common factor of 1204 and 427.
7
Calculate the greatest common factor of 63 and 1953.
63
What is the greatest common factor of 469 and 268?
67
What is the greatest common factor of 240 and 11040?
240
What is the greatest common divisor of 154 and 56?
14
What is the highest common factor of 68 and 459?
17
What is the greatest common factor of 2440 and 320?
40
What is the highest common factor of 14235 and 78?
39
What is the greatest common factor of 30 and 7600?
10
Calculate the greatest common divisor of 110 and 1078.
22
Calculate the greatest common divisor of 9 and 573.
3
What is the greatest common factor of 176 and 110?
22
What is the greatest common factor of 100 and 2180?
20
What is the highest common divisor of 63 and 56?
7
What is the highest common factor of 39 and 2067?
39
What is the highest common divisor of 675 and 27?
27
Calculate the highest common factor of 2675 and 25.
25
Calculate the greatest common factor of 1628 and 11.
11
What is the greatest common factor of 891 and 165?
33
What is the highest common divisor of 132 and 12?
12
What is the highest common divisor of 24 and 12584?
8
What is the highest common factor of 189 and 126?
63
Calculate the highest common factor of 14041 and 19.
19
What is the greatest common divisor of 1358 and 14?
14
Calculate the greatest common factor of 32 and 864.
32
Calculate the highest common factor of 64 and 48.
16
Calculate the greatest common divisor of 18 and 72.
18
Calculate the greatest common divisor of 10420 and 40.
20
What is the highest common divisor of 2 and 64?
2
What is the greatest common divisor of 190 and 1406?
38
What is the highest common factor of 24 and 101?
1
Calculate the greatest common divisor of 98 and 938.
14
What is the greatest common factor of 99 and 117?
9
What is the highest common factor of 640 and 20?
20
Calculate the highest common factor of 7172 and 44.
44
Calculate the greatest common factor of 238 and 1309.
119
What is the highest common divisor of 221 and 182?
13
What is the highest common factor of 42 and 861?
21
Calculate the highest common divisor of 74 and 2.
2
What is the greatest common divisor of 4 and 116?
4
Calculate the greatest common factor of 36 and 144.
36
What is the highest common factor of 20613 and 3?
3
Calculate the greatest common divisor of 940 and 40.
20
What is the highest common factor of 100 and 28?
4
Calculate the highest common divisor of 100 and 8.
4
What is the highest common divisor of 7 and 189?
7
Calculate the greatest common factor of 48 and 120.
24
Calculate the greatest common factor 